195.191.219.132 - - [27/Apr/2024:06:49:19 +0200] "GET /robots.txt HTTP/1.1" 404 277 "-" "Mozilla/5.0 (compatible; MJ12bot/v1.4.8; http://mj12bot.com/)"
195.191.219.132 - - [27/Apr/2024:06:49:21 +0200] "GET / HTTP/1.1" 200 1303 "-" "Mozilla/5.0 (compatible; MJ12bot/v1.4.8; http://mj12bot.com/)"
195.191.219.132 - - [27/Apr/2024:06:49:34 +0200] "GET /robots.txt HTTP/1.1" 404 281 "-" "Mozilla/5.0 (compatible; MJ12bot/v1.4.8; http://mj12bot.com/)"
195.191.219.132 - - [27/Apr/2024:06:49:36 +0200] "GET / HTTP/1.1" 200 1307 "-" "Mozilla/5.0 (compatible; MJ12bot/v1.4.8; http://mj12bot.com/)"
195.49.212.7 - - [27/Apr/2024:06:55:38 +0200] "GET /wp-content/plugins/forminator/assets/fonts/wpmudev-plugin-icons.svg HTTP/1.1" 404 334 "-" "Mozilla/5.0 (Macintosh; Intel Mac OS X 11.1; rv:84.0) Gecko/20100101 Firefox/84.0"
185.220.101.36 - - [27/Apr/2024:07:47:48 +0200] "GET / HTTP/1.1" 200 1303 "http://gedachtenpolitie.nl" "Mozilla/5.0 (iPhone; CPU iPhone OS 9_2_1 like Mac OS X) AppleWebKit/601.1.46 (KHTML, like Gecko) Version/9.0 Mobile/13D15 Safari/601.1"
114.119.134.3 - - [27/Apr/2024:08:06:10 +0200] "GET /index.php4 HTTP/1.1" 200 111 "http://gedachtenpolitie.nl/?C=S%3BO%3DA" "Mozilla/5.0 (Linux; Android 7.0;) AppleWebKit/537.36 (KHTML, like Gecko) Mobile Safari/537.36 (compatible; PetalBot;+https://webmaster.petalsearch.com/site/petalbot)"
188.127.237.234 - - [27/Apr/2024:08:58:14 +0200] "GET / HTTP/1.1" 200 1303 "-" "Mozilla/5.0 (Macintosh; Intel Mac OS X 10_15_4) AppleWebKit/605.1.15 (KHTML, like Gecko) Version/9.1.2 Safari/605.1.15"
114.119.152.139 - - [27/Apr/2024:10:38:25 +0200] "GET /logfiles/?C=M%3BO%3DA HTTP/1.1" 200 3140 "http://gedachtenpolitie.nl/logfiles/?C=D%3BO%3DA" "Mozilla/5.0 (Linux; Android 7.0;) AppleWebKit/537.36 (KHTML, like Gecko) Mobile Safari/537.36 (compatible; PetalBot;+https://webmaster.petalsearch.com/site/petalbot)"
114.119.134.3 - - [27/Apr/2024:11:23:17 +0200] "GET /logfiles/error.log.2024.04.25 HTTP/1.1" 200 3714 "http://www.gedachtenpolitie.nl/logfiles/?C=N%3BO%3DD" "Mozilla/5.0 (Linux; Android 7.0;) AppleWebKit/537.36 (KHTML, like Gecko) Mobile Safari/537.36 (compatible; PetalBot;+https://webmaster.petalsearch.com/site/petalbot)"
114.119.136.68 - - [27/Apr/2024:13:36:48 +0200] "GET /logfiles/error.log.2024.04.04 HTTP/1.1" 404 300 "http://www.gedachtenpolitie.nl/logfiles/?C=N%3BO%3DD" "Mozilla/5.0 (Linux; Android 7.0;) AppleWebKit/537.36 (KHTML, like Gecko) Mobile Safari/537.36 (compatible; PetalBot;+https://webmaster.petalsearch.com/site/petalbot)"
114.119.156.131 - - [27/Apr/2024:14:15:24 +0200] "GET /ix.php HTTP/1.1" 200 53 "http://gedachtenpolitie.nl/?C=S%3BO%3DA" "Mozilla/5.0 (Linux; Android 7.0;) AppleWebKit/537.36 (KHTML, like Gecko) Mobile Safari/537.36 (compatible; PetalBot;+https://webmaster.petalsearch.com/site/petalbot)"
114.119.133.201 - - [27/Apr/2024:15:44:19 +0200] "GET /logfiles/access.log.2024.04.14 HTTP/1.1" 404 301 "http://www.gedachtenpolitie.nl/logfiles/?C=D%3BO%3DA" "Mozilla/5.0 (Linux; Android 7.0;) AppleWebKit/537.36 (KHTML, like Gecko) Mobile Safari/537.36 (compatible; PetalBot;+https://webmaster.petalsearch.com/site/petalbot)"
114.119.134.3 - - [27/Apr/2024:16:05:48 +0200] "GET /logfiles/error.log.2024.04.20 HTTP/1.1" 404 300 "http://www.gedachtenpolitie.nl/logfiles/" "Mozilla/5.0 (Linux; Android 7.0;) AppleWebKit/537.36 (KHTML, like Gecko) Mobile Safari/537.36 (compatible; PetalBot;+https://webmaster.petalsearch.com/site/petalbot)"
114.119.156.131 - - [27/Apr/2024:19:59:51 +0200] "GET /logfiles/access.log.2024.04.20 HTTP/1.1" 404 301 "http://www.gedachtenpolitie.nl/logfiles/" "Mozilla/5.0 (Linux; Android 7.0;) AppleWebKit/537.36 (KHTML, like Gecko) Mobile Safari/537.36 (compatible; PetalBot;+https://webmaster.petalsearch.com/site/petalbot)"
47.128.118.8 - - [27/Apr/2024:20:15:27 +0200] "GET /logfiles/access.log.2024.02.04 HTTP/1.1" 404 297 "-" "Mozilla/5.0 (Linux; Android 5.0) AppleWebKit/537.36 (KHTML, like Gecko) Mobile Safari/537.36 (compatible; Bytespider; spider-feedback@bytedance.com)"
47.128.49.17 - - [27/Apr/2024:20:15:50 +0200] "GET /logfiles/access.log.2024.01.23 HTTP/1.1" 404 297 "-" "Mozilla/5.0 (Linux; Android 5.0) AppleWebKit/537.36 (KHTML, like Gecko) Mobile Safari/537.36 (compatible; Bytespider; spider-feedback@bytedance.com)"
47.128.34.18 - - [27/Apr/2024:20:16:14 +0200] "GET /logfiles/access.log.2024.01.12 HTTP/1.1" 404 297 "-" "Mozilla/5.0 (Linux; Android 5.0) AppleWebKit/537.36 (KHTML, like Gecko) Mobile Safari/537.36 (compatible; Bytespider; spider-feedback@bytedance.com)"
47.128.116.217 - - [27/Apr/2024:20:16:39 +0200] "GET /logfiles/access.log.2024.03.02 HTTP/1.1" 404 297 "-" "Mozilla/5.0 (Linux; Android 5.0) AppleWebKit/537.36 (KHTML, like Gecko) Mobile Safari/537.36 (compatible; Bytespider; spider-feedback@bytedance.com)"
47.128.52.143 - - [27/Apr/2024:20:17:08 +0200] "GET /robots.txt HTTP/1.1" 404 277 "-" "Mozilla/5.0 (Linux; Android 5.0) AppleWebKit/537.36 (KHTML, like Gecko) Mobile Safari/537.36 (compatible; Bytespider; spider-feedback@bytedance.com)"
47.128.115.45 - - [27/Apr/2024:20:17:27 +0200] "GET /logfiles/access.log.2024.02.12 HTTP/1.1" 404 297 "-" "Mozilla/5.0 (Linux; Android 5.0) AppleWebKit/537.36 (KHTML, like Gecko) Mobile Safari/537.36 (compatible; Bytespider; spider-feedback@bytedance.com)"
47.128.59.27 - - [27/Apr/2024:20:17:51 +0200] "GET /logfiles/access.log.2024.02.19 HTTP/1.1" 404 297 "-" "Mozilla/5.0 (Linux; Android 5.0) AppleWebKit/537.36 (KHTML, like Gecko) Mobile Safari/537.36 (compatible; Bytespider; spider-feedback@bytedance.com)"
47.128.58.78 - - [27/Apr/2024:20:18:15 +0200] "GET /logfiles/error.log.2024.01.21 HTTP/1.1" 404 296 "-" "Mozilla/5.0 (Linux; Android 5.0) AppleWebKit/537.36 (KHTML, like Gecko) Mobile Safari/537.36 (compatible; Bytespider; spider-feedback@bytedance.com)"
47.128.56.241 - - [27/Apr/2024:20:18:39 +0200] "GET /logfiles/error.log.2023.12.16 HTTP/1.1" 404 296 "-" "Mozilla/5.0 (Linux; Android 5.0) AppleWebKit/537.36 (KHTML, like Gecko) Mobile Safari/537.36 (compatible; Bytespider; spider-feedback@bytedance.com)"
47.128.29.171 - - [27/Apr/2024:20:19:03 +0200] "GET /logfiles/access.log.2024.01.05 HTTP/1.1" 404 297 "-" "Mozilla/5.0 (Linux; Android 5.0) AppleWebKit/537.36 (KHTML, like Gecko) Mobile Safari/537.36 (compatible; Bytespider; spider-feedback@bytedance.com)"
47.128.43.151 - - [27/Apr/2024:20:19:27 +0200] "GET /logfiles/access.log.2023.09.20 HTTP/1.1" 404 297 "-" "Mozilla/5.0 (Linux; Android 5.0) AppleWebKit/537.36 (KHTML, like Gecko) Mobile Safari/537.36 (compatible; Bytespider; spider-feedback@bytedance.com)"
154.61.56.108 - - [27/Apr/2024:20:19:52 +0200] "GET /robots.txt HTTP/1.1" 404 277 "-" "Mozilla/5.0 (iPhone; CPU iPhone OS 11_0 like Mac OS X) AppleWebKit/537.36 (KHTML, like Gecko) Chrome/55.0.8553.1761 Mobile Safari/537.36"
47.128.32.201 - - [27/Apr/2024:20:20:16 +0200] "GET /robots.txt HTTP/1.1" 404 277 "-" "Mozilla/5.0 (Linux; Android 5.0) AppleWebKit/537.36 (KHTML, like Gecko) Mobile Safari/537.36 (compatible; Bytespider; spider-feedback@bytedance.com)"
90.168.244.193 - - [27/Apr/2024:20:20:41 +0200] "GET /robots.txt HTTP/1.1" 404 277 "-" "Mozilla/5.0 (iPhone; CPU iPhone OS 11_0 like Mac OS X) AppleWebKit/537.36 (KHTML, like Gecko) Chrome/54.0.9395.1797 Mobile Safari/537.36"
114.119.136.68 - - [27/Apr/2024:21:42:32 +0200] "GET /logfiles/error.log.2024.04.14 HTTP/1.1" 404 296 "http://gedachtenpolitie.nl/logfiles/?C=D%3BO%3DA" "Mozilla/5.0 (Linux; Android 7.0;) AppleWebKit/537.36 (KHTML, like Gecko) Mobile Safari/537.36 (compatible; PetalBot;+https://webmaster.petalsearch.com/site/petalbot)"
114.119.133.201 - - [27/Apr/2024:22:03:34 +0200] "GET /logfiles/access.log.2024.04.23 HTTP/1.1" 200 18475 "http://www.gedachtenpolitie.nl/logfiles/?C=N%3BO%3DD" "Mozilla/5.0 (Linux; Android 7.0;) AppleWebKit/537.36 (KHTML, like Gecko) Mobile Safari/537.36 (compatible; PetalBot;+https://webmaster.petalsearch.com/site/petalbot)"
216.244.66.242 - - [27/Apr/2024:22:21:55 +0200] "GET /robots.txt HTTP/1.1" 404 277 "-" "Mozilla/5.0 (compatible; DotBot/1.2; +https://opensiteexplorer.org/dotbot; help@moz.com)"
216.244.66.242 - - [27/Apr/2024:22:23:28 +0200] "GET /logfiles/access.log.2024.04.20 HTTP/1.1" 404 297 "-" "Mozilla/5.0 (compatible; DotBot/1.2; +https://opensiteexplorer.org/dotbot; help@moz.com)"
114.119.154.253 - - [28/Apr/2024:00:27:28 +0200] "GET /logfiles/access.log.2024.04.21 HTTP/1.1" 404 301 "http://www.gedachtenpolitie.nl/logfiles/?C=N%3BO%3DD" "Mozilla/5.0 (Linux; Android 7.0;) AppleWebKit/537.36 (KHTML, like Gecko) Mobile Safari/537.36 (compatible; PetalBot;+https://webmaster.petalsearch.com/site/petalbot)"
114.119.151.14 - - [28/Apr/2024:01:50:50 +0200] "GET /logfiles/access.log.2024.04.19 HTTP/1.1" 404 297 "http://gedachtenpolitie.nl/logfiles/?C=D%3BO%3DA" "Mozilla/5.0 (Linux; Android 7.0;) AppleWebKit/537.36 (KHTML, like Gecko) Mobile Safari/537.36 (compatible; PetalBot;+https://webmaster.petalsearch.com/site/petalbot)"
114.119.154.253 - - [28/Apr/2024:02:05:37 +0200] "GET /logfiles/access.log.2024.04.18 HTTP/1.1" 404 297 "http://gedachtenpolitie.nl/logfiles/?C=S%3BO%3DA" "Mozilla/5.0 (Linux; Android 7.0;) AppleWebKit/537.36 (KHTML, like Gecko) Mobile Safari/537.36 (compatible; PetalBot;+https://webmaster.petalsearch.com/site/petalbot)"
114.119.156.131 - - [28/Apr/2024:03:21:53 +0200] "GET /logfiles/access.log.2024.04.14 HTTP/1.1" 404 297 "http://gedachtenpolitie.nl/logfiles/?C=D%3BO%3DA" "Mozilla/5.0 (Linux; Android 7.0;) AppleWebKit/537.36 (KHTML, like Gecko) Mobile Safari/537.36 (compatible; PetalBot;+https://webmaster.petalsearch.com/site/petalbot)"
114.119.136.68 - - [28/Apr/2024:04:08:53 +0200] "GET /logfiles/combined.log HTTP/1.1" 200 64777 "http://gedachtenpolitie.nl/logfiles/?C=D%3BO%3DA" "Mozilla/5.0 (Linux; Android 7.0;) AppleWebKit/537.36 (KHTML, like Gecko) Mobile Safari/537.36 (compatible; PetalBot;+https://webmaster.petalsearch.com/site/petalbot)"
114.119.136.68 - - [28/Apr/2024:04:57:08 +0200] "GET /logfiles/?C=M%3BO%3DA HTTP/1.1" 200 3144 "http://www.gedachtenpolitie.nl/logfiles/?C=N%3BO%3DD" "Mozilla/5.0 (Linux; Android 7.0;) AppleWebKit/537.36 (KHTML, like Gecko) Mobile Safari/537.36 (compatible; PetalBot;+https://webmaster.petalsearch.com/site/petalbot)"
205.210.31.45 - - [28/Apr/2024:05:52:32 +0200] "GET / HTTP/1.1" 200 1307 "-" "-"
188.127.237.234 - - [28/Apr/2024:06:45:01 +0200] "GET / HTTP/1.1" 200 1303 "-" "Mozilla/5.0 (Windows NT 10.0; Win64; x64) AppleWebKit/537.36 (KHTML, like Gecko) Chrome/110.0.0.0 Safari/537.36 Edg/110.0.1587.49"
216.244.66.242 - - [28/Apr/2024:07:32:22 +0200] "GET /robots.txt HTTP/1.1" 404 277 "-" "Mozilla/5.0 (compatible; DotBot/1.2; +https://opensiteexplorer.org/dotbot; help@moz.com)"
216.244.66.242 - - [28/Apr/2024:07:34:01 +0200] "GET /logfiles/error.log.2024.04.19 HTTP/1.1" 404 296 "-" "Mozilla/5.0 (compatible; DotBot/1.2; +https://opensiteexplorer.org/dotbot; help@moz.com)"
194.38.23.16 - - [28/Apr/2024:07:41:31 +0200] "GET /freichat/client/plugins/upload/upload.php HTTP/1.1" 404 308 "-" "ALittle Client"
194.38.23.16 - - [28/Apr/2024:07:41:31 +0200] "GET /freichat/client/plugins/upload/upload.php HTTP/1.1" 404 308 "-" "ALittle Client"
194.38.23.16 - - [28/Apr/2024:07:41:31 +0200] "GET /freichat/client/plugins/upload/upload.php HTTP/1.1" 404 308 "-" "ALittle Client"
114.119.154.253 - - [28/Apr/2024:08:00:52 +0200] "GET /?C=N%3BO%3DD HTTP/1.1" 200 1307 "http://www.gedachtenpolitie.nl/?C=D%3BO%3DA" "Mozilla/5.0 (Linux; Android 7.0;) AppleWebKit/537.36 (KHTML, like Gecko) Mobile Safari/537.36 (compatible; PetalBot;+https://webmaster.petalsearch.com/site/petalbot)"
114.119.152.139 - - [28/Apr/2024:08:20:18 +0200] "GET /?C=N%3BO%3DD HTTP/1.1" 200 1303 "http://gedachtenpolitie.nl/?C=S%3BO%3DA" "Mozilla/5.0 (Linux; Android 7.0;) AppleWebKit/537.36 (KHTML, like Gecko) Mobile Safari/537.36 (compatible; PetalBot;+https://webmaster.petalsearch.com/site/petalbot)"
91.92.243.107 - - [28/Apr/2024:08:56:33 +0200] "GET /wp-content/uploads/ HTTP/1.1" 404 286 "-" "python-requests/2.27.1"
91.92.243.107 - - [28/Apr/2024:08:56:41 +0200] "GET /wp-includes/ HTTP/1.1" 404 279 "-" "python-requests/2.27.1"
91.92.243.107 - - [28/Apr/2024:08:56:51 +0200] "GET /.well-known/ HTTP/1.1" 404 279 "-" "python-requests/2.27.1"
91.92.243.107 - - [28/Apr/2024:08:57:03 +0200] "GET /ALFA_DATA/ HTTP/1.1" 404 277 "-" "python-requests/2.27.1"
91.92.243.107 - - [28/Apr/2024:08:57:19 +0200] "GET /.well-knownold/ HTTP/1.1" 404 282 "-" "python-requests/2.27.1"
91.92.243.107 - - [28/Apr/2024:08:57:54 +0200] "GET /.well-known/acme-challenge/ HTTP/1.1" 404 294 "-" "python-requests/2.27.1"
91.92.243.107 - - [28/Apr/2024:08:58:11 +0200] "GET /.well-known/pki-validation/ HTTP/1.1" 404 294 "-" "python-requests/2.27.1"
91.92.243.107 - - [28/Apr/2024:08:58:23 +0200] "GET /images/ HTTP/1.1" 404 274 "-" "python-requests/2.27.1"
91.92.243.107 - - [28/Apr/2024:08:58:38 +0200] "GET /assets/ HTTP/1.1" 404 274 "-" "python-requests/2.27.1"
91.92.243.107 - - [28/Apr/2024:08:58:50 +0200] "GET /wp-includes/js/ HTTP/1.1" 404 282 "-" "python-requests/2.27.1"
91.92.243.107 - - [28/Apr/2024:08:59:13 +0200] "GET /wp-includes/pomo/ HTTP/1.1" 404 284 "-" "python-requests/2.27.1"
91.92.243.107 - - [28/Apr/2024:08:59:28 +0200] "GET /wp-includes/rest-api/ HTTP/1.1" 404 288 "-" "python-requests/2.27.1"
91.92.243.107 - - [28/Apr/2024:08:59:37 +0200] "GET /wp-includes/widgets/ HTTP/1.1" 404 287 "-" "python-requests/2.27.1"
91.92.243.107 - - [28/Apr/2024:08:59:48 +0200] "GET /wp-admin/css/ HTTP/1.1" 404 280 "-" "python-requests/2.27.1"
91.92.243.107 - - [28/Apr/2024:09:00:01 +0200] "GET /wp-admin/images/ HTTP/1.1" 404 283 "-" "python-requests/2.27.1"
91.92.243.107 - - [28/Apr/2024:09:00:11 +0200] "GET /wp-admin/maint/ HTTP/1.1" 404 282 "-" "python-requests/2.27.1"
91.92.243.107 - - [28/Apr/2024:09:00:21 +0200] "GET /wp-admin/meta/ HTTP/1.1" 404 281 "-" "python-requests/2.27.1"
91.92.243.107 - - [28/Apr/2024:09:00:31 +0200] "GET /wp-admin/network/ HTTP/1.1" 404 284 "-" "python-requests/2.27.1"
91.92.243.107 - - [28/Apr/2024:09:00:40 +0200] "GET /wp-admin/user/ HTTP/1.1" 404 281 "-" "python-requests/2.27.1"
91.92.243.107 - - [28/Apr/2024:09:00:50 +0200] "GET /wp-content/ HTTP/1.1" 404 278 "-" "python-requests/2.27.1"
91.92.243.107 - - [28/Apr/2024:09:01:00 +0200] "GET /wp-content/plugins/ HTTP/1.1" 404 286 "-" "python-requests/2.27.1"
91.92.243.107 - - [28/Apr/2024:09:01:15 +0200] "GET /wp-content/themes/ HTTP/1.1" 404 285 "-" "python-requests/2.27.1"
91.92.243.107 - - [28/Apr/2024:09:01:24 +0200] "GET /wp-admin/includes/ HTTP/1.1" 404 285 "-" "python-requests/2.27.1"
91.92.243.107 - - [28/Apr/2024:09:01:41 +0200] "GET /wp-admin/ HTTP/1.1" 404 276 "-" "python-requests/2.27.1"
91.92.243.107 - - [28/Apr/2024:09:01:56 +0200] "GET /wp-includes/css/ HTTP/1.1" 404 283 "-" "python-requests/2.27.1"
91.92.243.107 - - [28/Apr/2024:09:02:05 +0200] "GET /wp-includes/ID3/ HTTP/1.1" 404 283 "-" "python-requests/2.27.1"
91.92.243.107 - - [28/Apr/2024:09:02:13 +0200] "GET /wp-includes/IXR/ HTTP/1.1" 404 283 "-" "python-requests/2.27.1"
91.92.243.107 - - [28/Apr/2024:09:02:27 +0200] "GET /wp-includes/Requests/ HTTP/1.1" 404 288 "-" "python-requests/2.27.1"
91.92.243.107 - - [28/Apr/2024:09:02:40 +0200] "GET /wp-includes/SimplePie/ HTTP/1.1" 404 289 "-" "python-requests/2.27.1"
91.92.243.107 - - [28/Apr/2024:09:02:53 +0200] "GET /wp-includes/Text/ HTTP/1.1" 404 284 "-" "python-requests/2.27.1"
91.92.243.107 - - [28/Apr/2024:09:03:02 +0200] "GET /wp-includes/Text/Diff/Renderer/ HTTP/1.1" 404 298 "-" "python-requests/2.27.1"
91.92.243.107 - - [28/Apr/2024:09:03:16 +0200] "GET /wp-includes/blocks/ HTTP/1.1" 404 286 "-" "python-requests/2.27.1"
91.92.243.107 - - [28/Apr/2024:09:03:27 +0200] "GET /wp-includes/certificates/ HTTP/1.1" 404 292 "-" "python-requests/2.27.1"
91.92.243.107 - - [28/Apr/2024:09:03:40 +0200] "GET /wp-includes/customize/ HTTP/1.1" 404 289 "-" "python-requests/2.27.1"
91.92.243.107 - - [28/Apr/2024:09:03:52 +0200] "GET /wp-includes/fonts/ HTTP/1.1" 404 285 "-" "python-requests/2.27.1"
91.92.243.107 - - [28/Apr/2024:09:04:02 +0200] "GET /wp-includes/images/ HTTP/1.1" 404 286 "-" "python-requests/2.27.1"
91.92.243.107 - - [28/Apr/2024:09:04:10 +0200] "GET /wp-includes/js/codemirror/ HTTP/1.1" 404 293 "-" "python-requests/2.27.1"
91.92.243.107 - - [28/Apr/2024:09:04:23 +0200] "GET /wp-includes/js/crop/ HTTP/1.1" 404 287 "-" "python-requests/2.27.1"
91.92.243.107 - - [28/Apr/2024:09:04:31 +0200] "GET /wp-includes/js/dist/ HTTP/1.1" 404 287 "-" "python-requests/2.27.1"
91.92.243.107 - - [28/Apr/2024:09:04:45 +0200] "GET /wp-includes/js/dist/development/ HTTP/1.1" 404 299 "-" "python-requests/2.27.1"
91.92.243.107 - - [28/Apr/2024:09:04:53 +0200] "GET /wp-includes/js/dist/vendor/ HTTP/1.1" 404 294 "-" "python-requests/2.27.1"
91.92.243.107 - - [28/Apr/2024:09:05:03 +0200] "GET /wp-includes/js/imgareaselect/ HTTP/1.1" 404 296 "-" "python-requests/2.27.1"
91.92.243.107 - - [28/Apr/2024:09:05:15 +0200] "GET /wp-includes/js/tinymce/ HTTP/1.1" 404 290 "-" "python-requests/2.27.1"
91.92.243.107 - - [28/Apr/2024:09:05:29 +0200] "GET /wp-includes/js/tinymce/langs/ HTTP/1.1" 404 296 "-" "python-requests/2.27.1"
91.92.243.107 - - [28/Apr/2024:09:05:42 +0200] "GET /wp-includes/js/tinymce/plugins/compat3x/ HTTP/1.1" 404 307 "-" "python-requests/2.27.1"
91.92.243.107 - - [28/Apr/2024:09:05:51 +0200] "GET /wp-includes/js/tinymce/skins/lightgray/ HTTP/1.1" 404 306 "-" "python-requests/2.27.1"
91.92.243.107 - - [28/Apr/2024:09:06:01 +0200] "GET /wp-includes/js/jcrop/ HTTP/1.1" 404 288 "-" "python-requests/2.27.1"
91.92.243.107 - - [28/Apr/2024:09:06:11 +0200] "GET /wp-includes/js/jquery/ HTTP/1.1" 404 289 "-" "python-requests/2.27.1"
91.92.243.107 - - [28/Apr/2024:09:06:19 +0200] "GET /wp-includes/js/mediaelement/ HTTP/1.1" 404 295 "-" "python-requests/2.27.1"
91.92.243.107 - - [28/Apr/2024:09:06:30 +0200] "GET /wp-includes/js/mediaelement/renderers/ HTTP/1.1" 404 305 "-" "python-requests/2.27.1"
91.92.243.107 - - [28/Apr/2024:09:06:37 +0200] "GET /wp-includes/js/plupload/ HTTP/1.1" 404 291 "-" "python-requests/2.27.1"
91.92.243.107 - - [28/Apr/2024:09:06:48 +0200] "GET /wp-includes/js/swfupload/ HTTP/1.1" 404 292 "-" "python-requests/2.27.1"
91.92.243.107 - - [28/Apr/2024:09:06:56 +0200] "GET /wp-includes/images/crystal/ HTTP/1.1" 404 294 "-" "python-requests/2.27.1"
91.92.243.107 - - [28/Apr/2024:09:07:04 +0200] "GET /wp-includes/js/thickbox/ HTTP/1.1" 404 291 "-" "python-requests/2.27.1"
91.92.243.107 - - [28/Apr/2024:09:07:23 +0200] "GET /wp-includes/images/media/ HTTP/1.1" 404 292 "-" "python-requests/2.27.1"
91.92.243.107 - - [28/Apr/2024:09:07:34 +0200] "GET /wp-includes/sodium_compat/namespaced/Core/ HTTP/1.1" 404 309 "-" "python-requests/2.27.1"
91.92.243.107 - - [28/Apr/2024:09:07:42 +0200] "GET /wp-includes/sodium_compat/namespaced HTTP/1.1" 404 303 "-" "python-requests/2.27.1"
91.92.243.107 - - [28/Apr/2024:09:07:50 +0200] "GET /wp-includes/theme-compat/theme-compat/ HTTP/1.1" 404 305 "-" "python-requests/2.27.1"
91.92.243.107 - - [28/Apr/2024:09:07:58 +0200] "GET /wp-includes/rest-api/fields/ HTTP/1.1" 404 295 "-" "python-requests/2.27.1"
91.92.243.107 - - [28/Apr/2024:09:08:07 +0200] "GET /wp-includes/Requests/library/ HTTP/1.1" 404 296 "-" "python-requests/2.27.1"
91.92.243.107 - - [28/Apr/2024:09:08:14 +0200] "GET /wp-includes/Requests/src/ HTTP/1.1" 404 292 "-" "python-requests/2.27.1"
91.92.243.107 - - [28/Apr/2024:09:08:22 +0200] "GET /wp-includes/rest-api/endpoints/ HTTP/1.1" 404 298 "-" "python-requests/2.27.1"
91.92.243.107 - - [28/Apr/2024:09:08:34 +0200] "GET /wp-includes/rest-api/search/ HTTP/1.1" 404 295 "-" "python-requests/2.27.1"
91.92.243.107 - - [28/Apr/2024:09:08:54 +0200] "GET /wp-includes/Text/Diff/ HTTP/1.1" 404 289 "-" "python-requests/2.27.1"
91.92.243.107 - - [28/Apr/2024:09:09:02 +0200] "GET /wp-includes/sitemaps/providers/ HTTP/1.1" 404 298 "-" "python-requests/2.27.1"
91.92.243.107 - - [28/Apr/2024:09:09:10 +0200] "GET /wp-includes/sodium_compat/src/ HTTP/1.1" 404 297 "-" "python-requests/2.27.1"
91.92.243.107 - - [28/Apr/2024:09:09:18 +0200] "GET /wp-includes/Text/Diff/Engine/ HTTP/1.1" 404 296 "-" "python-requests/2.27.1"
114.119.156.131 - - [28/Apr/2024:10:11:21 +0200] "GET /logfiles/access.log.2024.04.05 HTTP/1.1" 404 301 "http://www.gedachtenpolitie.nl/logfiles/?C=M%3BO%3DA" "Mozilla/5.0 (Linux; Android 7.0;) AppleWebKit/537.36 (KHTML, like Gecko) Mobile Safari/537.36 (compatible; PetalBot;+https://webmaster.petalsearch.com/site/petalbot)"
114.119.151.14 - - [28/Apr/2024:10:57:01 +0200] "GET /logfiles/error.log.2024.04.07 HTTP/1.1" 404 296 "http://gedachtenpolitie.nl/logfiles/" "Mozilla/5.0 (Linux; Android 7.0;) AppleWebKit/537.36 (KHTML, like Gecko) Mobile Safari/537.36 (compatible; PetalBot;+https://webmaster.petalsearch.com/site/petalbot)"
216.244.66.242 - - [28/Apr/2024:13:06:49 +0200] "GET /robots.txt HTTP/1.1" 404 277 "-" "Mozilla/5.0 (compatible; DotBot/1.2; +https://opensiteexplorer.org/dotbot; help@moz.com)"
216.244.66.242 - - [28/Apr/2024:13:08:22 +0200] "GET /logfiles/access.log.2024.04.22 HTTP/1.1" 404 297 "-" "Mozilla/5.0 (compatible; DotBot/1.2; +https://opensiteexplorer.org/dotbot; help@moz.com)"
114.119.136.68 - - [28/Apr/2024:13:09:57 +0200] "GET /logfiles/error.log.2024.04.11 HTTP/1.1" 404 300 "http://www.gedachtenpolitie.nl/logfiles/?C=N%3BO%3DD" "Mozilla/5.0 (Linux; Android 7.0;) AppleWebKit/537.36 (KHTML, like Gecko) Mobile Safari/537.36 (compatible; PetalBot;+https://webmaster.petalsearch.com/site/petalbot)"
114.119.134.3 - - [28/Apr/2024:16:37:13 +0200] "GET /logfiles/access.log.2024.04.22 HTTP/1.1" 404 301 "http://www.gedachtenpolitie.nl/logfiles/?C=N%3BO%3DD" "Mozilla/5.0 (Linux; Android 7.0;) AppleWebKit/537.36 (KHTML, like Gecko) Mobile Safari/537.36 (compatible; PetalBot;+https://webmaster.petalsearch.com/site/petalbot)"
216.244.66.242 - - [28/Apr/2024:16:45:26 +0200] "GET /robots.txt HTTP/1.1" 404 277 "-" "Mozilla/5.0 (compatible; DotBot/1.2; +https://opensiteexplorer.org/dotbot; help@moz.com)"
216.244.66.242 - - [28/Apr/2024:16:47:00 +0200] "GET /logfiles/access.log.2024.04.19 HTTP/1.1" 404 297 "-" "Mozilla/5.0 (compatible; DotBot/1.2; +https://opensiteexplorer.org/dotbot; help@moz.com)"
66.249.66.163 - - [28/Apr/2024:21:58:19 +0200] "GET /robots.txt HTTP/1.1" 404 277 "-" "Mozilla/5.0 (compatible; Googlebot/2.1; +http://www.google.com/bot.html)"
66.249.66.163 - - [28/Apr/2024:21:58:20 +0200] "GET /favicon.ico HTTP/1.1" 404 10 "-" "Googlebot-Image/1.0"
66.249.66.193 - - [28/Apr/2024:22:00:17 +0200] "GET /robots.txt HTTP/1.1" 404 281 "-" "Mozilla/5.0 (compatible; Googlebot/2.1; +http://www.google.com/bot.html)"
66.249.66.192 - - [28/Apr/2024:22:00:17 +0200] "GET /favicon.ico HTTP/1.1" 404 10 "-" "Googlebot-Image/1.0"
216.244.66.242 - - [28/Apr/2024:22:15:32 +0200] "GET /robots.txt HTTP/1.1" 404 277 "-" "Mozilla/5.0 (compatible; DotBot/1.2; +https://opensiteexplorer.org/dotbot; help@moz.com)"
216.244.66.242 - - [28/Apr/2024:22:16:58 +0200] "GET /logfiles/error.log.2024.04.23 HTTP/1.1" 404 296 "-" "Mozilla/5.0 (compatible; DotBot/1.2; +https://opensiteexplorer.org/dotbot; help@moz.com)"
114.119.151.14 - - [28/Apr/2024:22:42:25 +0200] "GET /logfiles/access.log.2024.04.04 HTTP/1.1" 404 297 "http://gedachtenpolitie.nl/logfiles/?C=S%3BO%3DA" "Mozilla/5.0 (Linux; Android 7.0;) AppleWebKit/537.36 (KHTML, like Gecko) Mobile Safari/537.36 (compatible; PetalBot;+https://webmaster.petalsearch.com/site/petalbot)"
114.119.133.201 - - [29/Apr/2024:01:06:42 +0200] "GET /logfiles/?C=D%3BO%3DA HTTP/1.1" 200 3144 "http://www.gedachtenpolitie.nl/logfiles/?C=N%3BO%3DD" "Mozilla/5.0 (Linux; Android 7.0;) AppleWebKit/537.36 (KHTML, like Gecko) Mobile Safari/537.36 (compatible; PetalBot;+https://webmaster.petalsearch.com/site/petalbot)"
114.119.134.3 - - [29/Apr/2024:01:37:08 +0200] "GET /logfiles/access.log.2024.04.06 HTTP/1.1" 404 301 "http://www.gedachtenpolitie.nl/logfiles/?C=M%3BO%3DA" "Mozilla/5.0 (Linux; Android 7.0;) AppleWebKit/537.36 (KHTML, like Gecko) Mobile Safari/537.36 (compatible; PetalBot;+https://webmaster.petalsearch.com/site/petalbot)"
188.127.237.234 - - [29/Apr/2024:04:30:42 +0200] "GET / HTTP/1.1" 200 1303 "-" "Mozilla/5.0 (Macintosh; Intel Mac OS X 10_15_7) AppleWebKit/537.36 (KHTML, like Gecko) Chrome/113.0.0.0 Safari/537.36"
47.128.121.91 - - [29/Apr/2024:06:06:02 +0200] "GET /logfiles/access.log.2024.04.23 HTTP/1.1" 404 297 "-" "Mozilla/5.0 (Linux; Android 5.0) AppleWebKit/537.36 (KHTML, like Gecko) Mobile Safari/537.36 (compatible; Bytespider; spider-feedback@bytedance.com)"
47.128.37.223 - - [29/Apr/2024:06:06:23 +0200] "GET /logfiles/error.log.2024.04.25 HTTP/1.1" 200 3714 "-" "Mozilla/5.0 (Linux; Android 5.0) AppleWebKit/537.36 (KHTML, like Gecko) Mobile Safari/537.36 (compatible; Bytespider; spider-feedback@bytedance.com)"
47.128.26.11 - - [29/Apr/2024:06:06:49 +0200] "GET /logfiles/error.log.2024.02.23 HTTP/1.1" 404 296 "-" "Mozilla/5.0 (Linux; Android 5.0) AppleWebKit/537.36 (KHTML, like Gecko) Mobile Safari/537.36 (compatible; Bytespider; spider-feedback@bytedance.com)"
47.128.37.25 - - [29/Apr/2024:06:07:11 +0200] "GET /logfiles/access.log.2023.09.11 HTTP/1.1" 404 297 "-" "Mozilla/5.0 (Linux; Android 5.0) AppleWebKit/537.36 (KHTML, like Gecko) Mobile Safari/537.36 (compatible; Bytespider; spider-feedback@bytedance.com)"
47.128.53.60 - - [29/Apr/2024:06:07:36 +0200] "GET /robots.txt HTTP/1.1" 404 277 "-" "Mozilla/5.0 (Linux; Android 5.0) AppleWebKit/537.36 (KHTML, like Gecko) Mobile Safari/537.36 (compatible; Bytespider; spider-feedback@bytedance.com)"
47.128.120.248 - - [29/Apr/2024:06:08:00 +0200] "GET /logfiles/access.log.2024.02.29 HTTP/1.1" 404 297 "-" "Mozilla/5.0 (Linux; Android 5.0) AppleWebKit/537.36 (KHTML, like Gecko) Mobile Safari/537.36 (compatible; Bytespider; spider-feedback@bytedance.com)"
47.128.38.120 - - [29/Apr/2024:06:08:24 +0200] "GET /logfiles/error.log.2023.09.10 HTTP/1.1" 404 296 "-" "Mozilla/5.0 (Linux; Android 5.0) AppleWebKit/537.36 (KHTML, like Gecko) Mobile Safari/537.36 (compatible; Bytespider; spider-feedback@bytedance.com)"
47.128.59.189 - - [29/Apr/2024:06:08:47 +0200] "GET /logfiles/access.log.2024.01.24 HTTP/1.1" 404 297 "-" "Mozilla/5.0 (Linux; Android 5.0) AppleWebKit/537.36 (KHTML, like Gecko) Mobile Safari/537.36 (compatible; Bytespider; spider-feedback@bytedance.com)"
47.128.34.69 - - [29/Apr/2024:06:09:11 +0200] "GET /logfiles/access.log.2024.01.10 HTTP/1.1" 404 297 "-" "Mozilla/5.0 (Linux; Android 5.0) AppleWebKit/537.36 (KHTML, like Gecko) Mobile Safari/537.36 (compatible; Bytespider; spider-feedback@bytedance.com)"
75.159.229.206 - - [29/Apr/2024:06:09:37 +0200] "GET /robots.txt HTTP/1.1" 404 277 "-" "Mozilla/5.0 (Linux; Android 5.0; SM-G900P Build/LRX21T) AppleWebKit/537.36 (KHTML, like Gecko) Chrome/54.0.8558.1996 Mobile Safari/537.36"
47.128.56.125 - - [29/Apr/2024:06:09:59 +0200] "GET /logfiles/access.log.2024.02.02 HTTP/1.1" 404 297 "-" "Mozilla/5.0 (Linux; Android 5.0) AppleWebKit/537.36 (KHTML, like Gecko) Mobile Safari/537.36 (compatible; Bytespider; spider-feedback@bytedance.com)"
47.128.55.86 - - [29/Apr/2024:06:10:25 +0200] "GET /robots.txt HTTP/1.1" 404 277 "-" "Mozilla/5.0 (Linux; Android 5.0) AppleWebKit/537.36 (KHTML, like Gecko) Mobile Safari/537.36 (compatible; Bytespider; spider-feedback@bytedance.com)"
47.128.56.125 - - [29/Apr/2024:06:10:47 +0200] "GET /logfiles/access.log.2024.04.25 HTTP/1.1" 200 10064 "-" "Mozilla/5.0 (Linux; Android 5.0) AppleWebKit/537.36 (KHTML, like Gecko) Mobile Safari/537.36 (compatible; Bytespider; spider-feedback@bytedance.com)"
47.151.50.208 - - [29/Apr/2024:06:11:14 +0200] "GET /robots.txt HTTP/1.1" 404 277 "-" "Mozilla/5.0 (Linux; Android 6.0; Nexus 5 Build/MRA58N) AppleWebKit/537.36 (KHTML, like Gecko) Chrome/59.0.4973.1459 Mobile Safari/537.36"
66.249.66.194 - - [29/Apr/2024:07:41:00 +0200] "GET /logfiles/ HTTP/1.1" 200 3144 "-" "Mozilla/5.0 (Linux; Android 6.0.1; Nexus 5X Build/MMB29P) AppleWebKit/537.36 (KHTML, like Gecko) Chrome/122.0.6261.94 Mobile Safari/537.36 (compatible; Googlebot/2.1; +http://www.google.com/bot.html)"
114.119.159.208 - - [29/Apr/2024:07:50:55 +0200] "GET /robots.txt HTTP/1.1" 404 277 "-" "Mozilla/5.0 (compatible;PetalBot;+https://webmaster.petalsearch.com/site/petalbot)"
216.244.66.242 - - [29/Apr/2024:07:55:45 +0200] "GET /robots.txt HTTP/1.1" 404 277 "-" "Mozilla/5.0 (compatible; DotBot/1.2; +https://opensiteexplorer.org/dotbot; help@moz.com)"
216.244.66.242 - - [29/Apr/2024:07:57:33 +0200] "GET /logfiles/error.log.2024.04.22 HTTP/1.1" 404 296 "-" "Mozilla/5.0 (compatible; DotBot/1.2; +https://opensiteexplorer.org/dotbot; help@moz.com)"
114.119.151.14 - - [29/Apr/2024:08:07:55 +0200] "GET /logfiles/error.log.2024.04.13 HTTP/1.1" 404 296 "http://gedachtenpolitie.nl/logfiles/" "Mozilla/5.0 (Linux; Android 7.0;) AppleWebKit/537.36 (KHTML, like Gecko) Mobile Safari/537.36 (compatible; PetalBot;+https://webmaster.petalsearch.com/site/petalbot)"
114.119.154.253 - - [29/Apr/2024:08:31:27 +0200] "GET /logfiles/access.log.2024.04.08 HTTP/1.1" 404 301 "http://www.gedachtenpolitie.nl/logfiles/?C=N%3BO%3DD" "Mozilla/5.0 (Linux; Android 7.0;) AppleWebKit/537.36 (KHTML, like Gecko) Mobile Safari/537.36 (compatible; PetalBot;+https://webmaster.petalsearch.com/site/petalbot)"
114.119.133.201 - - [29/Apr/2024:08:33:01 +0200] "GET /logfiles/error.log.2024.04.12 HTTP/1.1" 404 296 "http://gedachtenpolitie.nl/logfiles/?C=N%3BO%3DD" "Mozilla/5.0 (Linux; Android 7.0;) AppleWebKit/537.36 (KHTML, like Gecko) Mobile Safari/537.36 (compatible; PetalBot;+https://webmaster.petalsearch.com/site/petalbot)"
216.244.66.242 - - [29/Apr/2024:09:40:46 +0200] "GET /robots.txt HTTP/1.1" 404 277 "-" "Mozilla/5.0 (compatible; DotBot/1.2; +https://opensiteexplorer.org/dotbot; help@moz.com)"
216.244.66.242 - - [29/Apr/2024:09:43:17 +0200] "GET /logfiles/access.log.2019.06.22 HTTP/1.1" 404 297 "-" "Mozilla/5.0 (compatible; DotBot/1.2; +https://opensiteexplorer.org/dotbot; help@moz.com)"
114.119.134.3 - - [29/Apr/2024:10:29:49 +0200] "GET /logfiles/error.log.2024.04.22 HTTP/1.1" 404 296 "http://gedachtenpolitie.nl/logfiles/?C=D%3BO%3DA" "Mozilla/5.0 (Linux; Android 7.0;) AppleWebKit/537.36 (KHTML, like Gecko) Mobile Safari/537.36 (compatible; PetalBot;+https://webmaster.petalsearch.com/site/petalbot)"
114.119.133.201 - - [29/Apr/2024:10:31:12 +0200] "GET /?C=S%3BO%3DA HTTP/1.1" 200 1303 "http://gedachtenpolitie.nl/?C=S%3BO%3DA" "Mozilla/5.0 (Linux; Android 7.0;) AppleWebKit/537.36 (KHTML, like Gecko) Mobile Safari/537.36 (compatible; PetalBot;+https://webmaster.petalsearch.com/site/petalbot)"
66.249.66.193 - - [29/Apr/2024:11:32:42 +0200] "GET /robots.txt HTTP/1.1" 404 281 "-" "Mozilla/5.0 (compatible; Googlebot/2.1; +http://www.google.com/bot.html)"
66.249.66.193 - - [29/Apr/2024:11:32:42 +0200] "GET /logfiles/ HTTP/1.1" 200 3144 "-" "Mozilla/5.0 (Linux; Android 6.0.1; Nexus 5X Build/MMB29P) AppleWebKit/537.36 (KHTML, like Gecko) Chrome/122.0.6261.94 Mobile Safari/537.36 (compatible; Googlebot/2.1; +http://www.google.com/bot.html)"
34.222.84.207 - - [29/Apr/2024:16:10:44 +0200] "GET / HTTP/1.1" 200 1303 "-" "Mozilla/5.0 (X11; Linux x86_64) AppleWebKit/537.36 (KHTML, like Gecko) Chrome/83.0.4103.97 Safari/537.36"
65.108.93.62 - - [29/Apr/2024:16:21:39 +0200] "GET / HTTP/1.1" 200 1303 "-" "Mozilla/5.0 (Windows NT 10.0; Win64; x64) AppleWebKit/537.36 (KHTML, like Gecko) Chrome/108.0.0.0 Safari/537.36"
47.128.110.235 - - [29/Apr/2024:17:20:57 +0200] "GET /ix.php HTTP/1.1" 200 53 "-" "Mozilla/5.0 (Linux; Android 5.0) AppleWebKit/537.36 (KHTML, like Gecko) Mobile Safari/537.36 (compatible; Bytespider; spider-feedback@bytedance.com)"
34.142.171.105 - - [29/Apr/2024:17:29:38 +0200] "GET / HTTP/1.1" 200 1303 "-" "Go-http-client/1.1"
34.142.171.105 - - [29/Apr/2024:17:29:39 +0200] "GET /wp-includes/css/buttons.css HTTP/1.1" 404 294 "-" "Go-http-client/1.1"
34.142.171.105 - - [29/Apr/2024:17:29:39 +0200] "GET /media/system/js/core.js HTTP/1.1" 404 290 "-" "Go-http-client/1.1"
216.244.66.242 - - [29/Apr/2024:17:30:16 +0200] "GET /robots.txt HTTP/1.1" 404 277 "-" "Mozilla/5.0 (compatible; DotBot/1.2; +https://opensiteexplorer.org/dotbot; help@moz.com)"
216.244.66.242 - - [29/Apr/2024:17:31:54 +0200] "GET /logfiles/access.log.2024.04.23 HTTP/1.1" 404 297 "-" "Mozilla/5.0 (compatible; DotBot/1.2; +https://opensiteexplorer.org/dotbot; help@moz.com)"
114.119.139.86 - - [29/Apr/2024:19:03:37 +0200] "GET /logfiles/error.log.2024.04.18 HTTP/1.1" 404 296 "http://gedachtenpolitie.nl/logfiles/?C=S%3BO%3DA" "Mozilla/5.0 (Linux; Android 7.0;) AppleWebKit/537.36 (KHTML, like Gecko) Mobile Safari/537.36 (compatible; PetalBot;+https://webmaster.petalsearch.com/site/petalbot)"
114.119.151.14 - - [29/Apr/2024:19:29:34 +0200] "GET /logfiles/ HTTP/1.1" 200 3144 "http://www.gedachtenpolitie.nl/?C=D%3BO%3DA" "Mozilla/5.0 (Linux; Android 7.0;) AppleWebKit/537.36 (KHTML, like Gecko) Mobile Safari/537.36 (compatible; PetalBot;+https://webmaster.petalsearch.com/site/petalbot)"
114.119.133.201 - - [29/Apr/2024:19:48:18 +0200] "GET /logfiles/error.log.2024.04.05 HTTP/1.1" 404 296 "http://gedachtenpolitie.nl/logfiles/?C=S%3BO%3DA" "Mozilla/5.0 (Linux; Android 7.0;) AppleWebKit/537.36 (KHTML, like Gecko) Mobile Safari/537.36 (compatible; PetalBot;+https://webmaster.petalsearch.com/site/petalbot)"
47.128.51.204 - - [29/Apr/2024:20:31:05 +0200] "GET /robots.txt HTTP/1.1" 404 277 "-" "Mozilla/5.0 (Linux; Android 5.0) AppleWebKit/537.36 (KHTML, like Gecko) Mobile Safari/537.36 (compatible; Bytespider; spider-feedback@bytedance.com)"
5.188.87.47 - - [29/Apr/2024:21:12:17 +0200] "GET /wp-login.php HTTP/1.1" 404 279 "-" "Mozilla/5.0 (Windows NT 10.0; Win64; x64) AppleWebKit/537.36 (KHTML, like Gecko) Chrome/64.0.3282.140 Safari/537.36 Edge/18.17763"
114.119.151.14 - - [29/Apr/2024:22:04:57 +0200] "GET /logfiles/access.log.2024.04.06 HTTP/1.1" 404 297 "http://gedachtenpolitie.nl/logfiles/?C=D%3BO%3DA" "Mozilla/5.0 (Linux; Android 7.0;) AppleWebKit/537.36 (KHTML, like Gecko) Mobile Safari/537.36 (compatible; PetalBot;+https://webmaster.petalsearch.com/site/petalbot)"
84.17.46.212 - - [29/Apr/2024:22:05:19 +0200] "GET /.git/HEAD HTTP/1.1" 404 276 "-" "Python-urllib/3.10"
114.119.151.14 - - [29/Apr/2024:22:55:52 +0200] "GET /robots.txt HTTP/1.1" 404 281 "-" "Mozilla/5.0 (compatible;PetalBot;+https://webmaster.petalsearch.com/site/petalbot)"
94.247.172.129 - - [29/Apr/2024:23:52:56 +0200] "GET / HTTP/1.1" 200 1307 "-" "Mozilla/5.0 (Macintosh; Intel Mac OS X 10_9_2)"
117.132.188.205 - - [30/Apr/2024:00:07:54 +0200] "GET / HTTP/1.1" 200 1303 "-" "Mozilla/5.0 (Windows NT 10.0; Win64; x64) AppleWebKit/537.36 (KHTML, like Gecko) Chrome/107.0.0.0 Safari/537.36"
117.132.188.205 - - [30/Apr/2024:00:07:56 +0200] "GET /logfiles/ HTTP/1.1" 200 3140 "-" "Mozilla/5.0 (Windows NT 10.0; Win64; x64) AppleWebKit/537.36 (KHTML, like Gecko) Chrome/107.0.0.0 Safari/537.36"
117.132.188.205 - - [30/Apr/2024:00:07:57 +0200] "GET /ix.php HTTP/1.1" 200 53 "-" "Mozilla/5.0 (Windows NT 10.0; Win64; x64) AppleWebKit/537.36 (KHTML, like Gecko) Chrome/107.0.0.0 Safari/537.36"
117.132.188.205 - - [30/Apr/2024:00:07:57 +0200] "GET /index.php4 HTTP/1.1" 200 111 "-" "Mozilla/5.0 (Windows NT 10.0; Win64; x64) AppleWebKit/537.36 (KHTML, like Gecko) Chrome/107.0.0.0 Safari/537.36"
117.132.188.205 - - [30/Apr/2024:00:07:58 +0200] "GET /__w__ HTTP/1.1" 200 1 "-" "Mozilla/5.0 (Windows NT 10.0; Win64; x64) AppleWebKit/537.36 (KHTML, like Gecko) Chrome/107.0.0.0 Safari/537.36"
117.132.188.205 - - [30/Apr/2024:00:07:59 +0200] "GET /?C=D;O=A HTTP/1.1" 200 1303 "-" "Mozilla/5.0 (Windows NT 10.0; Win64; x64) AppleWebKit/537.36 (KHTML, like Gecko) Chrome/107.0.0.0 Safari/537.36"
117.132.188.205 - - [30/Apr/2024:00:08:01 +0200] "GET /?C=S;O=A HTTP/1.1" 200 1303 "-" "Mozilla/5.0 (Windows NT 10.0; Win64; x64) AppleWebKit/537.36 (KHTML, like Gecko) Chrome/107.0.0.0 Safari/537.36"
117.132.188.205 - - [30/Apr/2024:00:08:03 +0200] "GET /?C=M;O=A HTTP/1.1" 200 1303 "-" "Mozilla/5.0 (Windows NT 10.0; Win64; x64) AppleWebKit/537.36 (KHTML, like Gecko) Chrome/107.0.0.0 Safari/537.36"
117.132.188.205 - - [30/Apr/2024:00:08:04 +0200] "GET /?C=N;O=D HTTP/1.1" 200 1303 "-" "Mozilla/5.0 (Windows NT 10.0; Win64; x64) AppleWebKit/537.36 (KHTML, like Gecko) Chrome/107.0.0.0 Safari/537.36"
117.132.188.205 - - [30/Apr/2024:00:08:06 +0200] "GET /icons/folder.gif HTTP/1.1" 200 225 "-" "Mozilla/5.0 (Windows NT 10.0; Win64; x64) AppleWebKit/537.36 (KHTML, like Gecko) Chrome/107.0.0.0 Safari/537.36"
117.132.188.205 - - [30/Apr/2024:00:08:06 +0200] "GET /icons/text.gif HTTP/1.1" 200 229 "-" "Mozilla/5.0 (Windows NT 10.0; Win64; x64) AppleWebKit/537.36 (KHTML, like Gecko) Chrome/107.0.0.0 Safari/537.36"
117.132.188.205 - - [30/Apr/2024:00:08:08 +0200] "GET /icons/unknown.gif HTTP/1.1" 200 245 "-" "Mozilla/5.0 (Windows NT 10.0; Win64; x64) AppleWebKit/537.36 (KHTML, like Gecko) Chrome/107.0.0.0 Safari/537.36"
117.132.188.205 - - [30/Apr/2024:00:08:10 +0200] "GET /icons/blank.gif HTTP/1.1" 200 148 "-" "Mozilla/5.0 (Windows NT 10.0; Win64; x64) AppleWebKit/537.36 (KHTML, like Gecko) Chrome/107.0.0.0 Safari/537.36"
117.132.188.205 - - [30/Apr/2024:00:08:15 +0200] "GET /logfiles/error.log.2024.04.29 HTTP/1.1" 200 6523 "-" "Mozilla/5.0 (Windows NT 10.0; Win64; x64) AppleWebKit/537.36 (KHTML, like Gecko) Chrome/107.0.0.0 Safari/537.36"
117.132.188.205 - - [30/Apr/2024:00:08:17 +0200] "GET /logfiles/error.log.2024.04.28 HTTP/1.1" 200 12452 "-" "Mozilla/5.0 (Windows NT 10.0; Win64; x64) AppleWebKit/537.36 (KHTML, like Gecko) Chrome/107.0.0.0 Safari/537.36"
117.132.188.205 - - [30/Apr/2024:00:08:18 +0200] "GET /logfiles/error.log.2024.04.27 HTTP/1.1" 200 5084 "-" "Mozilla/5.0 (Windows NT 10.0; Win64; x64) AppleWebKit/537.36 (KHTML, like Gecko) Chrome/107.0.0.0 Safari/537.36"
117.132.188.205 - - [30/Apr/2024:00:08:18 +0200] "GET /logfiles/error.log.2024.04.26 HTTP/1.1" 200 8312 "-" "Mozilla/5.0 (Windows NT 10.0; Win64; x64) AppleWebKit/537.36 (KHTML, like Gecko) Chrome/107.0.0.0 Safari/537.36"
117.132.188.205 - - [30/Apr/2024:00:08:21 +0200] "GET /logfiles/error.log.2024.04.25 HTTP/1.1" 200 3714 "-" "Mozilla/5.0 (Windows NT 10.0; Win64; x64) AppleWebKit/537.36 (KHTML, like Gecko) Chrome/107.0.0.0 Safari/537.36"
117.132.188.205 - - [30/Apr/2024:00:08:23 +0200] "GET /logfiles/combined.log HTTP/1.1" 200 61110 "-" "Mozilla/5.0 (Windows NT 10.0; Win64; x64) AppleWebKit/537.36 (KHTML, like Gecko) Chrome/107.0.0.0 Safari/537.36"
117.132.188.205 - - [30/Apr/2024:00:08:25 +0200] "GET /logfiles/access.log.2024.04.29 HTTP/1.1" 200 14325 "-" "Mozilla/5.0 (Windows NT 10.0; Win64; x64) AppleWebKit/537.36 (KHTML, like Gecko) Chrome/107.0.0.0 Safari/537.36"
117.132.188.205 - - [30/Apr/2024:00:08:26 +0200] "GET /logfiles/access.log.2024.04.28 HTTP/1.1" 200 15130 "-" "Mozilla/5.0 (Windows NT 10.0; Win64; x64) AppleWebKit/537.36 (KHTML, like Gecko) Chrome/107.0.0.0 Safari/537.36"
117.132.188.205 - - [30/Apr/2024:00:08:28 +0200] "GET /logfiles/access.log.2024.04.27 HTTP/1.1" 200 8920 "-" "Mozilla/5.0 (Windows NT 10.0; Win64; x64) AppleWebKit/537.36 (KHTML, like Gecko) Chrome/107.0.0.0 Safari/537.36"
117.132.188.205 - - [30/Apr/2024:00:08:31 +0200] "GET /logfiles/access.log.2024.04.26 HTTP/1.1" 200 20040 "-" "Mozilla/5.0 (Windows NT 10.0; Win64; x64) AppleWebKit/537.36 (KHTML, like Gecko) Chrome/107.0.0.0 Safari/537.36"
117.132.188.205 - - [30/Apr/2024:00:08:32 +0200] "GET /logfiles/access.log.2024.04.25 HTTP/1.1" 200 10064 "-" "Mozilla/5.0 (Windows NT 10.0; Win64; x64) AppleWebKit/537.36 (KHTML, like Gecko) Chrome/107.0.0.0 Safari/537.36"
117.132.188.205 - - [30/Apr/2024:00:08:33 +0200] "GET / HTTP/1.1" 200 1303 "-" "Mozilla/5.0 (Windows NT 10.0; Win64; x64) AppleWebKit/537.36 (KHTML, like Gecko) Chrome/107.0.0.0 Safari/537.36"
117.132.188.205 - - [30/Apr/2024:00:08:35 +0200] "GET /logfiles/?C=D;O=A HTTP/1.1" 200 3140 "-" "Mozilla/5.0 (Windows NT 10.0; Win64; x64) AppleWebKit/537.36 (KHTML, like Gecko) Chrome/107.0.0.0 Safari/537.36"
117.132.188.205 - - [30/Apr/2024:00:08:36 +0200] "GET /logfiles/?C=S;O=A HTTP/1.1" 200 3140 "-" "Mozilla/5.0 (Windows NT 10.0; Win64; x64) AppleWebKit/537.36 (KHTML, like Gecko) Chrome/107.0.0.0 Safari/537.36"
117.132.188.205 - - [30/Apr/2024:00:08:37 +0200] "GET /logfiles/?C=M;O=A HTTP/1.1" 200 3140 "-" "Mozilla/5.0 (Windows NT 10.0; Win64; x64) AppleWebKit/537.36 (KHTML, like Gecko) Chrome/107.0.0.0 Safari/537.36"
117.132.188.205 - - [30/Apr/2024:00:08:41 +0200] "GET /logfiles/?C=N;O=D HTTP/1.1" 200 3140 "-" "Mozilla/5.0 (Windows NT 10.0; Win64; x64) AppleWebKit/537.36 (KHTML, like Gecko) Chrome/107.0.0.0 Safari/537.36"
117.132.188.205 - - [30/Apr/2024:00:08:49 +0200] "GET /icons/back.gif HTTP/1.1" 200 216 "-" "Mozilla/5.0 (Windows NT 10.0; Win64; x64) AppleWebKit/537.36 (KHTML, like Gecko) Chrome/107.0.0.0 Safari/537.36"
117.132.188.205 - - [30/Apr/2024:00:08:50 +0200] "GET /?C=D;O=D HTTP/1.1" 200 1303 "-" "Mozilla/5.0 (Windows NT 10.0; Win64; x64) AppleWebKit/537.36 (KHTML, like Gecko) Chrome/107.0.0.0 Safari/537.36"
117.132.188.205 - - [30/Apr/2024:00:08:51 +0200] "GET /?C=N;O=A HTTP/1.1" 200 1303 "-" "Mozilla/5.0 (Windows NT 10.0; Win64; x64) AppleWebKit/537.36 (KHTML, like Gecko) Chrome/107.0.0.0 Safari/537.36"
117.132.188.205 - - [30/Apr/2024:00:08:52 +0200] "GET /?C=S;O=D HTTP/1.1" 200 1303 "-" "Mozilla/5.0 (Windows NT 10.0; Win64; x64) AppleWebKit/537.36 (KHTML, like Gecko) Chrome/107.0.0.0 Safari/537.36"
117.132.188.205 - - [30/Apr/2024:00:08:52 +0200] "GET /?C=M;O=D HTTP/1.1" 200 1303 "-" "Mozilla/5.0 (Windows NT 10.0; Win64; x64) AppleWebKit/537.36 (KHTML, like Gecko) Chrome/107.0.0.0 Safari/537.36"
114.119.139.86 - - [30/Apr/2024:03:16:28 +0200] "GET /index.php4 HTTP/1.1" 200 111 "http://www.gedachtenpolitie.nl/?C=D%3BO%3DA" "Mozilla/5.0 (Linux; Android 7.0;) AppleWebKit/537.36 (KHTML, like Gecko) Mobile Safari/537.36 (compatible; PetalBot;+https://webmaster.petalsearch.com/site/petalbot)"
47.128.60.100 - - [30/Apr/2024:04:27:36 +0200] "GET /logfiles/access.log.2024.04.23 HTTP/1.1" 404 297 "-" "Mozilla/5.0 (Linux; Android 5.0) AppleWebKit/537.36 (KHTML, like Gecko) Mobile Safari/537.36 (compatible; Bytespider; spider-feedback@bytedance.com)"
47.128.63.93 - - [30/Apr/2024:04:28:00 +0200] "GET /logfiles/access.log.2023.09.11 HTTP/1.1" 404 297 "-" "Mozilla/5.0 (Linux; Android 5.0) AppleWebKit/537.36 (KHTML, like Gecko) Mobile Safari/537.36 (compatible; Bytespider; spider-feedback@bytedance.com)"
47.128.62.163 - - [30/Apr/2024:04:28:24 +0200] "GET /logfiles/error.log.2024.02.21 HTTP/1.1" 404 296 "-" "Mozilla/5.0 (Linux; Android 5.0) AppleWebKit/537.36 (KHTML, like Gecko) Mobile Safari/537.36 (compatible; Bytespider; spider-feedback@bytedance.com)"
47.128.122.106 - - [30/Apr/2024:04:28:49 +0200] "GET /logfiles/access.log.2023.09.15 HTTP/1.1" 404 297 "-" "Mozilla/5.0 (Linux; Android 5.0) AppleWebKit/537.36 (KHTML, like Gecko) Mobile Safari/537.36 (compatible; Bytespider; spider-feedback@bytedance.com)"
47.128.63.65 - - [30/Apr/2024:04:29:12 +0200] "GET /logfiles/access.log.2024.02.29 HTTP/1.1" 404 297 "-" "Mozilla/5.0 (Linux; Android 5.0) AppleWebKit/537.36 (KHTML, like Gecko) Mobile Safari/537.36 (compatible; Bytespider; spider-feedback@bytedance.com)"
47.128.55.14 - - [30/Apr/2024:04:29:37 +0200] "GET /logfiles/access.log.2019.06.22 HTTP/1.1" 404 297 "-" "Mozilla/5.0 (Linux; Android 5.0) AppleWebKit/537.36 (KHTML, like Gecko) Mobile Safari/537.36 (compatible; Bytespider; spider-feedback@bytedance.com)"
47.128.55.108 - - [30/Apr/2024:04:30:09 +0200] "GET /logfiles/error.log.2023.11.10 HTTP/1.1" 404 296 "-" "Mozilla/5.0 (Linux; Android 5.0) AppleWebKit/537.36 (KHTML, like Gecko) Mobile Safari/537.36 (compatible; Bytespider; spider-feedback@bytedance.com)"
47.128.50.234 - - [30/Apr/2024:04:30:24 +0200] "GET /logfiles/error.log.2024.02.20 HTTP/1.1" 404 296 "-" "Mozilla/5.0 (Linux; Android 5.0) AppleWebKit/537.36 (KHTML, like Gecko) Mobile Safari/537.36 (compatible; Bytespider; spider-feedback@bytedance.com)"
47.128.55.13 - - [30/Apr/2024:04:30:49 +0200] "GET /logfiles/access.log.2024.02.02 HTTP/1.1" 404 297 "-" "Mozilla/5.0 (Linux; Android 5.0) AppleWebKit/537.36 (KHTML, like Gecko) Mobile Safari/537.36 (compatible; Bytespider; spider-feedback@bytedance.com)"
47.128.50.202 - - [30/Apr/2024:04:31:12 +0200] "GET /logfiles/access.log.2024.04.25 HTTP/1.1" 404 297 "-" "Mozilla/5.0 (Linux; Android 5.0) AppleWebKit/537.36 (KHTML, like Gecko) Mobile Safari/537.36 (compatible; Bytespider; spider-feedback@bytedance.com)"
136.243.220.214 - - [30/Apr/2024:04:53:06 +0200] "GET /robots.txt HTTP/1.1" 404 277 "-" "Mozilla/5.0 (compatible; DataForSeoBot/1.0; +https://dataforseo.com/dataforseo-bot)"
114.119.134.3 - - [30/Apr/2024:05:40:39 +0200] "GET /logfiles/?C=D%3BO%3DA HTTP/1.1" 200 3140 "http://gedachtenpolitie.nl/logfiles/?C=D%3BO%3DA" "Mozilla/5.0 (Linux; Android 7.0;) AppleWebKit/537.36 (KHTML, like Gecko) Mobile Safari/537.36 (compatible; PetalBot;+https://webmaster.petalsearch.com/site/petalbot)"
117.250.3.58 - - [30/Apr/2024:06:50:03 +0200] "GET /logfiles/combined.log HTTP/1.1" 200 71641 "http://gedachtenpolitie.nl/" "Mozilla/5.0 (X11; Ubuntu; Linux x86_64; rv:114.0) Gecko/20100101 Firefox/114.0"
117.250.3.58 - - [30/Apr/2024:06:50:11 +0200] "GET /wp-login.php?action=register HTTP/1.1" 404 279 "http://gedachtenpolitie.nl/" "Mozilla/5.0 (Windows NT 6.3; Win64; x64) AppleWebKit/537.36 (KHTML, like Gecko) Chrome/103.0.0.0 Safari/537.36"
117.250.3.58 - - [30/Apr/2024:06:50:11 +0200] "GET /wp-login.php?action=register HTTP/1.1" 404 279 "http://gedachtenpolitie.nl/wp-login.php?action=register" "Mozilla/5.0 (Windows NT 6.3; Win64; x64) AppleWebKit/537.36 (KHTML, like Gecko) Chrome/103.0.0.0 Safari/537.36"
84.139.0.169 - - [30/Apr/2024:07:30:44 +0200] "GET /?C=N;O=D HTTP/1.1" 200 1303 "-" "Mozilla/5.0 (Windows NT 10.0; Win64; x64) AppleWebKit/537.36 (KHTML, like Gecko) Chrome/91.0.4472.114 Safari/537.36 Edg/91.0.864.54"
114.119.154.253 - - [30/Apr/2024:08:10:03 +0200] "GET /logfiles/error.log.2024.04.15 HTTP/1.1" 404 300 "http://www.gedachtenpolitie.nl/logfiles/?C=S%3BO%3DA" "Mozilla/5.0 (Linux; Android 7.0;) AppleWebKit/537.36 (KHTML, like Gecko) Mobile Safari/537.36 (compatible; PetalBot;+https://webmaster.petalsearch.com/site/petalbot)"
114.119.152.139 - - [30/Apr/2024:08:12:01 +0200] "GET /logfiles/error.log.2024.04.23 HTTP/1.1" 404 296 "http://gedachtenpolitie.nl/logfiles/?C=D%3BO%3DA" "Mozilla/5.0 (Linux; Android 7.0;) AppleWebKit/537.36 (KHTML, like Gecko) Mobile Safari/537.36 (compatible; PetalBot;+https://webmaster.petalsearch.com/site/petalbot)"
107.189.7.25 - - [30/Apr/2024:08:58:55 +0200] "GET /wp-login.php HTTP/1.1" 404 279 "http://www.google.com.hk" "Mozilla/5.0 (Windows NT 6.1; WOW64) AppleWebKit/537.36 (KHTML, like Gecko) Chrome/42.0.2311.90 Safari/537.36"
52.167.144.55 - - [30/Apr/2024:09:29:03 +0200] "GET /robots.txt HTTP/1.1" 404 281 "-" "Mozilla/5.0 AppleWebKit/537.36 (KHTML, like Gecko; compatible; bingbot/2.0; +http://www.bing.com/bingbot.htm) Chrome/116.0.1938.76 Safari/537.36"
40.77.167.52 - - [30/Apr/2024:09:29:07 +0200] "GET /logfiles/access.log.2022.02.28 HTTP/1.1" 404 301 "-" "Mozilla/5.0 AppleWebKit/537.36 (KHTML, like Gecko; compatible; bingbot/2.0; +http://www.bing.com/bingbot.htm) Chrome/116.0.1938.76 Safari/537.36"
195.191.219.132 - - [30/Apr/2024:09:32:27 +0200] "GET /robots.txt HTTP/1.1" 404 277 "-" "Mozilla/5.0 (compatible; MJ12bot/v1.4.8; http://mj12bot.com/)"
195.191.219.132 - - [30/Apr/2024:09:32:29 +0200] "GET / HTTP/1.1" 200 1303 "-" "Mozilla/5.0 (compatible; MJ12bot/v1.4.8; http://mj12bot.com/)"
195.191.219.132 - - [30/Apr/2024:09:32:29 +0200] "GET /robots.txt HTTP/1.1" 404 281 "-" "Mozilla/5.0 (compatible; MJ12bot/v1.4.8; http://mj12bot.com/)"
195.191.219.132 - - [30/Apr/2024:09:32:31 +0200] "GET / HTTP/1.1" 200 1307 "-" "Mozilla/5.0 (compatible; MJ12bot/v1.4.8; http://mj12bot.com/)"
114.119.139.86 - - [30/Apr/2024:10:05:45 +0200] "GET /logfiles/access.log.2024.04.12 HTTP/1.1" 404 301 "http://www.gedachtenpolitie.nl/logfiles/?C=N%3BO%3DD" "Mozilla/5.0 (Linux; Android 7.0;) AppleWebKit/537.36 (KHTML, like Gecko) Mobile Safari/537.36 (compatible; PetalBot;+https://webmaster.petalsearch.com/site/petalbot)"
114.119.152.139 - - [30/Apr/2024:10:47:42 +0200] "GET /?C=D%3BO%3DA HTTP/1.1" 200 1307 "http://www.gedachtenpolitie.nl/?C=D%3BO%3DA" "Mozilla/5.0 (Linux; Android 7.0;) AppleWebKit/537.36 (KHTML, like Gecko) Mobile Safari/537.36 (compatible; PetalBot;+https://webmaster.petalsearch.com/site/petalbot)"
114.119.154.253 - - [30/Apr/2024:11:30:15 +0200] "GET /logfiles/error.log.2024.04.17 HTTP/1.1" 404 296 "http://gedachtenpolitie.nl/logfiles/?C=S%3BO%3DA" "Mozilla/5.0 (Linux; Android 7.0;) AppleWebKit/537.36 (KHTML, like Gecko) Mobile Safari/537.36 (compatible; PetalBot;+https://webmaster.petalsearch.com/site/petalbot)"
45.135.57.32 - - [30/Apr/2024:11:40:07 +0200] "GET /.git/HEAD HTTP/1.1" 404 276 "-" "RepoLookoutBot/v1.1.0-297-gcf436d3 (abuse reports to abuse@repo-lookout.org)"
114.119.151.14 - - [30/Apr/2024:13:25:06 +0200] "GET /logfiles/?C=S%3BO%3DA HTTP/1.1" 200 3144 "http://www.gedachtenpolitie.nl/logfiles/?C=N%3BO%3DD" "Mozilla/5.0 (Linux; Android 7.0;) AppleWebKit/537.36 (KHTML, like Gecko) Mobile Safari/537.36 (compatible; PetalBot;+https://webmaster.petalsearch.com/site/petalbot)"
143.244.130.248 - - [30/Apr/2024:15:20:31 +0200] "GET / HTTP/1.1" 200 1303 "-" "Mozilla/5.0 (Windows NT 10.0; Win64; x64) AppleWebKit/537.36 (KHTML, like Gecko) Chrome/78.0.3904.108 Safari/537.36"
143.244.130.248 - - [30/Apr/2024:15:20:31 +0200] "GET / HTTP/1.1" 200 1303 "-" "Mozilla/5.0 (Windows NT 10.0; Win64; x64) AppleWebKit/537.36 (KHTML, like Gecko) Chrome/78.0.3904.108 Safari/537.36"
143.244.130.248 - - [30/Apr/2024:15:20:31 +0200] "GET /wp-includes/wlwmanifest.xml HTTP/1.1" 404 294 "-" "Mozilla/5.0 (Windows NT 10.0; Win64; x64) AppleWebKit/537.36 (KHTML, like Gecko) Chrome/78.0.3904.108 Safari/537.36"
